g = 128986 + -83339. Is g prime?
False
Let q = -54310 - -94505. Is q a prime number?
False
Let v(p) = 34*p**2 - 4*p + 6. Let z(y) = -y**3 - 5*y**2 + 8*y + 18. Let g be z(-6). Suppose 2*n - g*n = -3*x + 7, -3*x = -3*n - 9. Is v(n) prime?
False
Let m(o) = 344*o**2 - 20*o - 9 + o - 340*o**2 + 33*o**3. Is m(5) composite?
True
Let d(h) = 10*h**2 - h - 4. Let b be d(1). Suppose -2*g + 4*g - 3*t - 4079 = 0, 3*g - 6128 = -b*t. Is g a prime number?
False
Let x = -14 - -31. Suppose 8*i + x*i - 10475 = 0. Is i composite?
False
Let r(t) = t**3 - 20*t**2 + 10*t + 70. Is r(37) prime?
False
Let g(r) = -49*r + 23. Let j = 88 - 67. Suppose l - j = 4*y, 0*l - 3*l = 4*y + 33. Is g(y) a composite number?
False
Let t be 11 + -1 - (20 - 22). Suppose 0 = t*i - 678 - 342. Is i prime?
False
Let f = 22 + -17. Suppose 2*s - q - f = -0*q, 2 = 3*s + 4*q. Suppose -4*y + 805 = -c - 268, -s*y + 539 = -c. Is y prime?
False
Suppose -2*i - 62654 + 301842 = 4*b, 0 = 4*i. Is b prime?
True
Let a(d) = -419*d + 156. Let g(q) = 2*q + 2. Let p(i) = a(i) - 4*g(i). Is p(-7) a prime number?
True
Suppose 5994 = 29*t - 84689. Is t composite?
True
Let h = -533 - -926. Let o = -267 + 533. Let q = h - o. Is q a prime number?
True
Let d = 10294 + -7857. Is d a composite number?
False
Suppose 21 = -4*p + 5. Let a be 6 + -3 + 0 + p. Is (2880/(-2))/(-5) - a a composite number?
True
Suppose 2*k = 5*j - 9*j + 180334, 0 = k + j - 90163. Is (k/(-82))/(3/(-4)) composite?
True
Let j = -106282 + 154947. Is j a prime number?
False
Let x = 1184619 - 169866. Is x composite?
True
Let w be 1/(-5) + (456806/(-70))/1. Let q = 10883 + w. Is q prime?
True
Let v(x) = 3*x - 12. Let t be v(5). Suppose 2*z - 595 = t*s + 4*z, 4*s + 4*z = -796. Let h = s + 570. Is h prime?
True
Suppose 0 = 2*n - 4, -3*n - 10639 = 3*y + 10346. Let q = y + 11906. Is q a prime number?
True
Suppose -29*k + 330902 = 2*r - 25*k, 0 = 2*k + 10. Is r a prime number?
False
Suppose -17*z = -1700599 - 3700488. Is z prime?
True
Let s be (-642 - (-6)/1) + 2. Let k = 987 + s. Is k a prime number?
True
Let q be ((-2)/10)/((-6)/34530). Is q*(6/1 - 5) a composite number?
False
Suppose 60222 = 4*p - 2*i, 21*p - 2*i - 30116 = 19*p. Is p prime?
True
Suppose 13*g - 2594270 = -486073. Is g composite?
True
Is (-2075552)/(-22) + 6/(-22) a prime number?
True
Let x = 20503 + -10026. Is x prime?
True
Let q = 87 - 70. Suppose -c - q*c = -18918. Suppose c + 1148 = 3*m. Is m composite?
False
Suppose 42*i - 36*i = -3930. Let f = i - -1134. Is f a composite number?
False
Suppose -3*y + 3*q = 2*y + 48, 37 = -4*y + q. Is (5793/y)/(6/18*-1) a composite number?
False
Suppose -3*g + 3*r = -2075595, -1790*g - 2767470 = -1794*g - r. Is g a composite number?
True
Suppose 4*z - 59974 = 556422. Suppose -22*t + 11*t + z = 0. Is t a composite number?
False
Let b = 424312 + -241070. Is b a prime number?
False
Is (-14837 + -3 + 18 + -9)*-5 a prime number?
False
Let g(u) = 11*u**3 - 61*u**2 - 50*u + 15. Let m(o) = 3*o**3 - 20*o**2 - 17*o + 5. Let p(n) = -3*g(n) + 8*m(n). Is p(-7) composite?
False
Let v = 3549 + -619. Let o = 7999 - v. Suppose 3*b - 2*t = o, -5*b - t + 3102 = -5368. Is b prime?
True
Let q = -72361 - -125124. Is q composite?
True
Suppose 2*m = -3*p + 18729, 4*p - 3*m - 19182 - 5790 = 0. Is p composite?
True
Let u(o) = -2*o + 5*o + 1 + 3 - 3. Let d be u(11). Suppose -31*k = -d*k + 1737. Is k composite?
True
Let s = -17 - -13. Let q(z) = 2*z**3 + 7*z**2 - 6*z - 4. Let f be q(s). Suppose 4*y - 2092 = -4*l, l + l - 1050 = -f*y. Is l a prime number?
True
Suppose 3*f + 7 = 1. Let s be f + 266 - (-2 - -2). Suppose 3*l - 536 = -t, 3*l - t = s + 274. Is l prime?
True
Let v = 23639 + -12738. Suppose 0 = 16*g - 5*g - v. Is g composite?
False
Let z(p) = -91564*p + 2261. Is z(-36) composite?
True
Let a(s) = -5*s - 7. Let h be a(-2). Suppose -f + 21 = 3*i, -2*i - h*i + 55 = 5*f. Is (1192/16)/(3/f) composite?
False
Let i(w) = -w**3 - 12*w**2 + 10*w - 39. Let l be i(-13). Suppose l = 26*c + 3540 - 10274. Is c composite?
True
Let a = -12355 - -110126. Is a a composite number?
False
Let k be (3 - 1*(4 - 0)) + 19. Suppose 16*f = k*f - 9930. Suppose -7*a - f = -10*a. Is a a composite number?
True
Let c(l) be the second derivative of -l**5/4 + 2*l**4/3 + 17*l**3/6 + 27*l**2/2 + 2*l + 31. Is c(-11) a prime number?
False
Suppose 0 = -4*p - 973 - 623. Let v(c) = -c**3 + 14*c**2 + 91*c - 517. Let o be v(21). Let z = p - o. Is z a composite number?
True
Let j(l) = -16326*l + 211. Let x be j(-4). Suppose 187201 = 6*g + x. Is g composite?
True
Suppose -2*z = 2*z + 48. Let g be 1/(-2)*125 + 18/z. Let n = -27 - g. Is n a composite number?
False
Suppose 2*m + 29558 = 2*g, -59116 = 45*g - 49*g - 4*m. Is g a prime number?
True
Let v be (192/120)/((-4)/(-10)). Let y(p) = -3*p**3 + p**2. Let q be y(-3). Suppose -v*d = 2*d - q. Is d composite?
True
Let d(i) = 4121*i**2 + 184*i + 3176. Is d(-19) a composite number?
True
Suppose -5*f = -25 + 65. Let d be ((-8)/(-6))/(f/12). Is d/8 + 8500/80 a prime number?
False
Suppose h + 4*s - 66505 = 0, 3*h - 50*s + 46*s = 199483. Is h a composite number?
True
Suppose -t - 11*t = 31*t - 22489301. Is t prime?
True
Let v be 144379/(-3)*-3 - (3 + -1). Suppose -v = -11*l - 21738. Is l a composite number?
False
Suppose -7*t + 46803 - 8408 = 0. Let d = -3189 + t. Suppose -5*k = 441 - d. Is k a composite number?
True
Let y(j) be the second derivative of j**7/420 + j**6/240 + j**5/120 + 5*j**4/12 + 7*j. Let h(i) be the third derivative of y(i). Is h(4) prime?
True
Suppose 4*r - 2*b - 2*b - 2900 = 0, -r + 4*b + 719 = 0. Suppose 6304 - r = 11*g. Suppose -2*k + 787 = m - g, 2588 = 4*k - 2*m. Is k a prime number?
True
Let m = 302 + -293. Suppose 3*t = -13*y + m*y + 1217, -2*t = -5*y - 842. Is t prime?
False
Let l(s) = s**3 - 2*s**2 + 14*s + 58267. Is l(0) a composite number?
True
Suppose 0*l = -27*l + 10*l + 8573117. Is l prime?
False
Let m be 25 - ((-5)/(-15) + 30/(-9)). Suppose 25*d = m*d - 2448. Suppose 745 = i + 2*h, i = -3*h - 68 + d. Is i a prime number?
True
Let v be (-1)/5 - (-9)/45. Is ((-30)/(-20))/(v - (-1)/694) a prime number?
False
Let y = -1861 + 7637. Let g = y + 3231. Is g prime?
True
Suppose 0 = -t - h + 1657, -6*h + 4*h = 6. Let y = 171 + t. Is y composite?
False
Suppose 0 = 527*d - 513*d - 428078. Is d a prime number?
True
Let k(q) be the third derivative of -q**4/24 + 7*q**3/6 - 16*q**2. Let b be k(7). Suppose b*a = -u - a + 313, 0 = -5*u - 2*a + 1577. Is u prime?
True
Suppose 8*w = 10*w. Suppose 2*d - 6 = 0, 377 = -w*r - 4*r - d. Let v = 472 + r. Is v a composite number?
True
Suppose 3*p - 130127 = -4*o, o = -4*p - 5326 + 37861. Is o a composite number?
False
Suppose -r = -19 - 43. Suppose 2*m + 41 + r = 5*f, -m = -3*f + 62. Is f prime?
False
Suppose 0 = -6*f - 5*x + 1572492, 1048302 = -0*f + 4*f - x. Is f a composite number?
True
Let i = 33 + -57. Let q = 19 + i. Is (764/8)/(q/(-10)) a prime number?
True
Suppose 8 = 2*t + 4*l, 5*l - 4 = 11. Let b(x) = -148*x + 2. Let f(u) = 222*u - 3. Let v(h) = -7*b(h) - 5*f(h). Is v(t) a prime number?
True
Suppose 4 = -4*f - 2*d, -f = -5*d + 2 - 23. Is (f*2 - (-11188)/(-16))*-28 prime?
False
Let b = 1348627 - -271242. Is b a composite number?
True
Let a(h) = -2 + 879*h - 5 + 32*h + h. Is a(2) composite?
True
Suppose -1034*b = -1030*b - 30644. Is b composite?
True
Suppose -2*q + 4*w = -3*q + 10, -5*w + 45 = -2*q. Let l = q + 14. Suppose -786 = -4*k + 2*v + 1554, v = -l*k + 2328. Is k a prime number?
False
Let a(i) = i**3 - 6*i**2 - 2*i + 9. Let d be a(6). Let l be d + 1 - (-2 + -34587). Is (-4)/22 + l/77 prime?
True
Let q be 1*-1*((-8 - -12) + -3). Let s(v) = -6763*v**3 - 4*v**2 - 3*v - 1. Is s(q) prime?
True
Let k be (2/3)/(4/6). Is 2411*3 + (16/k)/8 a composite number?
True
Let i(o) = -121*o - 19. Let h(z) = -1090*z - 170. Let m(u) = 4*h(u) - 35*i(u). Let a be m(-9). Suppose -4*b + 4*x + 1125 = b, x = 5*b - a. Is b prime?
False
Is (-15689)/(3*((-8)/(-3))/(-8)) a composite number?
True
Suppose 0 = 26*s - 9*s - 3434. Is (220/(-40))/((-1)/s) composite?
True
Let c(w) = -3*w**2 + 7*w - 13. Let k be c(2). Is (k - 0)/(-4*(-6)/(-3336)) prime?
False
Let h = 719 - -20391. Suppose 6*i + h = -4*i. Is (7 + -6)/(3 - (-6332)/i) prime?
True
Let m(t) = 159*t**2 + 4*t + 585. Is m(22) a prime number?
False
Suppose 0 = -5*w - 4*m + 55,